 and 374556?
156
Calculate the highest common factor of 81 and 108963.
9
Calculate the greatest common factor of 189 and 161217.
189
What is the greatest common factor of 122892 and 2964?
228
What is the greatest common factor of 559 and 6357?
13
What is the greatest common factor of 4114 and 39446?
242
Calculate the greatest common divisor of 96 and 8480.
32
What is the highest common divisor of 210 and 174?
6
What is the greatest common divisor of 54 and 408186?
54
What is the greatest common factor of 5930 and 185?
5
Calculate the greatest common divisor of 4008886 and 114.
38
Calculate the greatest common divisor of 42 and 74312.
14
Calculate the greatest common divisor of 492 and 2796.
12
What is the greatest common factor of 340 and 8228?
68
Calculate the greatest common divisor of 7123545 and 30.
15
Calculate the greatest common factor of 1668949 and 149.
149
What is the greatest common divisor of 165 and 330405?
15
What is the greatest common divisor of 1179 and 94189?
131
Calculate the highest common factor of 9216 and 306.
18
Calculate the greatest common divisor of 5994 and 84564.
162
Calculate the greatest common divisor of 2152989 and 522.
261
What is the greatest common divisor of 310 and 135935?
155
Calculate the greatest common divisor of 9 and 1927656.
9
What is the greatest common factor of 220260 and 36?
12
What is the highest common divisor of 216564 and 12?
12
What is the highest common divisor of 132 and 21538?
22
What is the highest common factor of 7725 and 2775?
75
Calculate the greatest common factor of 5910912 and 240.
48
What is the greatest common factor of 295472 and 112?
16
Calculate the highest common factor of 42 and 309939.
21
Calculate the greatest common factor of 6180 and 47174.
206
What is the highest common divisor of 248878 and 406?
406
What is the highest common divisor of 283 and 1709886?
283
Calculate the greatest common divisor of 10576560 and 240.
240
What is the greatest common divisor of 586125 and 90?
45
Calculate the highest common factor of 199675 and 652.
163
Calculate the highest common divisor of 3591 and 24948.
189
Calculate the highest common divisor of 5475 and 4471250.
1825
What is the greatest common divisor of 495577 and 57?
19
Calculate the greatest common factor of 8632 and 8684.
52
Calculate the greatest common factor of 50334 and 78.
6
What is the highest common factor of 47214 and 29646?
1098
Calculate the greatest common factor of 23324 and 136.
68
Calculate the highest common factor of 222 and 65379.
111
What is the greatest common factor of 406 and 303050?
58
What is the highest common divisor of 7897156 and 134?
134
Calculate the greatest common divisor of 85 and 7225.
85
Calculate the highest common factor of 1090 and 80006.
218
What is the highest common divisor of 8385 and 7869?
129
What is the greatest common factor of 1660 and 1674940?
1660
Calculate the greatest common divisor of 117663 and 546.
273
Calculate the highest common factor of 294502 and 650.
26
What is the greatest common factor of 21716854 and 566?
566
Calculate the greatest common divisor of 101814 and 239.
239
Calculate the greatest common factor of 43625 and 100.
25
Calculate the highest common factor of 254394 and 2835.
189
What is the highest common divisor of 42559 and 657?
73
Calculate the highest common factor of 3645 and 6870.
15
What is the highest common factor of 9751650 and 150?
150
What is the greatest common factor of 10322060 and 4760?
2380
Calculate the greatest common divisor of 28152 and 255.
51
What is the highest common divisor of 348783 and 844?
211
What is the highest common divisor of 59 and 54693?
59
What is the highest common divisor of 112 and 1788360?
56
Calculate the highest common divisor of 230 and 22954.
46
What is the greatest common divisor of 951 and 52622?
317
Calculate the greatest common divisor of 9844968 and 336.
168
What is the highest common divisor of 8874 and 126?
18
Calculate the highest common divisor of 499 and 39421.
499
What is the greatest common factor of 5915 and 58240?
455
Calculate the highest common divisor of 860 and 14233.
43
Calculate the highest common divisor of 48 and 82392.
24
What is the highest common divisor of 8 and 990?
2
Calculate the greatest common factor of 188081 and 1444.
361
Calculate the highest common factor of 3500 and 113000.
500
Calculate the highest common divisor of 86 and 57276.
86
What is the highest common divisor of 190 and 2110?
10
What is the greatest common divisor of 238 and 1012214?
238
Calculate the highest common divisor of 6154 and 4887.
181
What is the greatest common factor of 942714 and 27?
9
Calculate the greatest common divisor of 4039 and 91743.
577
What is the greatest common factor of 1695405 and 165?
15
Calculate the highest common divisor of 3280039 and 7.
7
Calculate the highest common divisor of 13061 and 6354.
353
Calculate the greatest common factor of 781960 and 1130.
1130
Calculate the greatest common divisor of 40 and 1969050.
10
What is the greatest common divisor of 63 and 223272?
63
What is the highest common factor of 25972 and 15100?
604
Calculate the highest common divisor of 288 and 1759104.
288
Calculate the highest common divisor of 294 and 99402.
6
Calculate the highest common divisor of 17501 and 4257.
473
What is the highest common divisor of 322787 and 83?
83
What is the greatest common factor of 288 and 10824768?
288
Calculate the greatest common factor of 18375 and 140.
35
What is the highest common factor of 15 and 1354215?
15
What is the highest common divisor of 423864 and 116?
116
What is the greatest common divisor of 150 and 3275?
25
What is the highest common divisor of 1029 and 25431?
147
Calculate the highest common factor of 90 and 8371440.
90
Calculate the greatest common factor of 41 and 30299.
41
Calculate the greatest common factor of 724515 and 165.
165
What is the highest common factor of 2 and 2962?
2
Calculate the highest common divisor of 13111 and 553.
7
What is the highest common factor of 136 and 185572?
68
What is the highest common divisor of 14784 and 378?
42
What is the highest common factor of 109 and 1283693?
109
Calculate the greatest common divisor of 935 and 365.
5
Calculate the highest common divisor of 123692 and 544.
68
What is the highest common factor of 6409 and 1421?
29
What is the greatest common factor of 28763 and 49?
49
Calculate the highest common factor of 83372 and 152.
76
What is the highest common factor of 3240 and 2136?
24
What is the highest common divisor of 2685 and 15?
15
What is the greatest common factor of 57 and 15249?
3
Calculate the greatest common divisor of 99981 and 7560.
189
Calculate the greatest common factor of 141 and 147.
3
Calculate the highest common divisor of 938 and 227465.
469
Calculate the greatest common divisor of 4851 and 13464.
99
Calculate the greatest common factor of 1278 and 29250.
18
Calculate the greatest common factor of 4582 and 1566.
58
Calculate the highest common divisor of 135 and 3537.
27
Calculate the highest common divisor of 108539 and 3421.
311
Calculate the greatest common factor of 15323 and 3839.
11
What is the greatest common factor of 13 and 236899?
13
Calculate the greatest common divisor of 28672 and 7.
7
What is the greatest common divisor of 14350 and 14700?
350
What is the greatest common factor of 169 and 2685241?
169
Calculate the greatest common factor of 24 and 423588.
12
Calculate the highest common factor of 2334 and 666357.
1167
Calculate the greatest common factor of 24 and 24996.
12
What is the greatest common divisor of 328976 and 464?
464
Calculate the highest common divisor of 571 and 1095178.
571
What is the highest common factor of 1133 and 19976?
11
What is the highest common factor of 691411 and 35?
7
Calculate the greatest common factor of 39 and 290706.
39
What is the greatest common factor of 231 and 253?
11
What is the greatest common divisor of 1152208 and 69?
23
What is the highest common divisor of 246 and 21672?
6
Calculate the highest common divisor of 6609 and 339.
3
Calculate the highest common divisor of 4 and 6676484.
4
What is the greatest common factor of 761 and 1095840?
761
Calculate the highest common factor of 150 and 582.
6
Calculate the hig